6
Let a(c) = -396*c - 20772. Determine a(-52).
-180
Let q(y) = 13*y**2 - 1801*y + 5421. Calculate q(3).
135
Let y(v) = -1208*v - 368515. Determine y(-305).
-75
Let w(b) = 384*b**2 - 14*b - 3. Calculate w(2).
1505
Let d(s) = -s**2 - 498*s - 61903. What is d(-238)?
-23
Let d(i) = -484*i**2 - 574*i + 572. Give d(1).
-486
Let d(t) = -t**2 - 35087*t - 3149731. Determine d(-90).
-1
Let h(a) = -2*a**3 - 18*a**2 - 18*a - 8. Give h(-10).
372
Let x(h) = h**2 - 472*h + 48300. Determine x(322).
0
Let a(k) = 7*k**2 + 30*k - 78. What is a(3)?
75
Let d(m) = 1939826*m + 38796531. What is d(-20)?
11
Let d(h) = 63*h + 3496. Give d(-60).
-284
Let o(r) = -2470*r + 303872. Calculate o(123).
62
Let d(o) = -293*o - 3469. Calculate d(-12).
47
Let n(w) = -2352*w**2 - 11835*w - 379. What is n(-5)?
-4
Let v(b) = 1521488*b - 21300847. Calculate v(14).
-15
Let i(f) = -3*f**2 + 13*f - 259. Give i(-15).
-1129
Let c(b) = 4*b**3 - 207*b**2 - 313*b + 2542. Give c(53).
-2
Let v(m) = 2*m**3 + 420*m**2 - 2561*m + 6703. Determine v(-216).
7
Let v(a) = a**2 - 166*a - 47454. What is v(-150)?
-54
Let n(y) = -y**3 - 419*y**2 - 36408*y + 19. Give n(-123).
19
Let j(f) = 8677*f - 78660. What is j(9)?
-567
Let r(q) = -9340*q**2 + 102741*q - 17. What is r(11)?
-6
Let c(k) = -19*k**3 - 17*k**2 + 205*k + 274. Give c(-3).
19
Let l(d) = 9*d**2 - 2078*d - 2045. Calculate l(232).
275
Let t(r) = -47471*r + 237376. Give t(5).
21
Let n(j) = -4*j**3 - 22*j**2 - 400*j - 2377. Give n(-6).
95
Let b(t) = 69415*t + 1249473. Give b(-18).
3
Let j(n) = 893*n - 3898. What is j(5)?
567
Let a(f) = -f**2 - 54*f - 1428. Calculate a(-29).
-703
Let l(h) = 20*h**3 + 144*h**2 + 26*h - 8. Calculate l(-7).
6
Let i(r) = r**2 - 1633*r + 1288. What is i(0)?
1288
Let g(c) = 389*c - 875. What is g(2)?
-97
Let g(x) = x**3 + 41*x**2 + 311*x + 96. What is g(-11)?
305
Let d(j) = -j**3 - 10*j**2 + 70*j + 51. Calculate d(-15).
126
Let c(m) = -5*m**3 + 11*m**2 + 487*m - 2454. Give c(6).
-216
Let q(u) = 14043*u + 126727. Give q(-9).
340
Let f(o) = -990435*o - 13866089. Determine f(-14).
1
Let w(m) = -m**2 + 52515*m - 315099. Give w(6).
-45
Let a(x) = 2*x**3 + 104*x**2 + 592*x - 11369. Calculate a(-18).
7
Let q(j) = -75860*j + 1441359. Determine q(19).
19
Let x(s) = -s**2 + 548*s - 17434. Determine x(34).
42
Let c(h) = h**2 - 2496*h + 696311. Calculate c(320).
-9
Let w(c) = 19*c**2 + 9158*c - 18327. What is w(2)?
65
Let n(o) = -107296*o - 15. Determine n(0).
-15
Let g(k) = -195*k**3 - 3*k**2 - 22*k + 28. Calculate g(1).
-192
Let i(t) = -13017*t + 38445. Calculate i(3).
-606
Let w(z) = z**2 + 3636*z - 404385. Give w(108).
-33
Let c(x) = -8*x**2 - 3093*x - 100035. Determine c(-351).
0
Let j(y) = -774*y + 110627. What is j(143)?
-55
Let w(i) = -38*i**3 + 234*i**2 + 176*i + 5. Determine w(7).
-331
Let i(s) = -126*s**2 - 875*s + 45. What is i(-7)?
-4
Let l(v) = -v**2 + 1980*v - 37257. Determine l(19).
2
Let x(f) = 66760*f + 2136468. Determine x(-32).
148
Let j(n) = n**2 + 99*n + 2449. Determine j(-49).
-1
Let a(n) = 2*n**2 - 838*n - 116545. Calculate a(529).
-165
Let g(w) = -11*w**3 + 14*w**2 - 98*w + 149. Calculate g(7).
-3624
Let t(n) = -3*n**3 - 25*n**2 + 22713*n + 204247. What is t(-9)?
-8
Let a(k) = 2*k**2 - 65*k - 1724. Calculate a(51).
163
Let x(s) = 6429*s - 10151389. Calculate x(1579).
2
Let r(p) = 2*p**3 + 34*p**2 + 62*p + 1105. What is r(-16)?
625
Let g(y) = 91*y**2 - 50*y - 1258. Give g(4).
-2
Let p(c) = 404*c - 1750. Determine p(4).
-134
Let i(z) = -z**3 - 62*z**2 - 183*z + 128. Give i(-59).
482
Let h(a) = -5942*a - 1568678. Calculate h(-264).
10
Let p(y) = -y**2 - 3096*y + 1971787. Give p(542).
-9
Let z(j) = -9082*j - 217642. Calculate z(-24).
326
Let m(i) = -3*i**3 + 210*i**2 + 14*i - 388. Determine m(70).
592
Let j(m) = -5*m**2 - 772*m - 22306. What is j(-116)?
-34
Let z(o) = 3*o**3 + 63*o**2 - 7*o - 116. Give z(-21).
31
Let d(c) = -79*c**2 - 317*c + 198. Determine d(-8).
-2322
Let z(q) = -3*q**3 - 36*q**2 + 49*q + 924. Determine z(-11).
22
Let m(p) = 34*p**2 + 5249*p + 64170. What is m(-141)?
15
Let h(t) = -t**3 + 69*t**2 - 317*t - 287. Calculate h(64).
-95
Let g(z) = z**2 - 1117*z - 748001. Give g(-471).
-53
Let r(v) = -2*v**2 + 26*v + 238. What is r(-21)?
-1190
Let r(v) = -73*v + 8914. What is r(92)?
2198
Let r(p) = -14*p**2 + 354*p + 300. What is r(26)?
40
Let h(l) = 1411*l**2 + 1382*l + 1377. Calculate h(-1).
1406
Let m(p) = 5*p**2 + 548*p - 65878. Give m(-182).
6
Let f(y) = -38*y**2 + 674*y - 2943. Give f(10).
-3
Let m(p) = p**2 + 76*p - 62605. Give m(-291).
-40
Let p(m) = 3*m**3 + 3*m**2 - 504*m - 507. Determine p(-1).
-3
Let a(f) = -107*f + 1057. Give a(-10).
2127
Let g(y) = 37302*y + 6677069. Give g(-179).
11
Let z(c) = 7*c**3 + 54*c**2 - 5*c + 37. Give z(-8).
-51
Let g(o) = 671*o - 58380. Give g(87).
-3
Let s(w) = w**3 - 5*w**2 - 16384*w + 81936. Determine s(5).
16
Let t(c) = 529*c - 24684. What is t(39)?
-4053
Let y(x) = x**3 + 30*x**2 + 665*x + 15769. Give y(-27).
1
Let p(m) = -3*m**3 + 175*m**2 - 547*m - 123. What is p(55)?
42
Let c(s) = 2*s**3 - 36*s**2 - 184*s + 75. Calculate c(22).
-101
Let b(z) = z**3 + 59*z**2 + 868*z + 57. Calculate b(-26).
-203
Let p(k) = 19*k**3 + 4287*k**2 + 2696*k - 891. What is p(-225)?
9
Let k(o) = -2*o**2 + 71*o + 106. Calculate k(0).
106
Let u(b) = 648*b - 10388. Determine u(16).
-20
Let c(h) = -41*h**3 - 8152*h**2 + 1389*h - 792. What is c(-199)?
4
Let j(k) = -k**3 + 60*k**2 - 201*k + 146. What is j(56)?
1434
Let n(b) = -10481984*b + 20963975. Calculate n(2).
7
Let w(c) = -c**2 + 145*c + 5879. Give w(-33).
5
Let o(z) = -5270*z - 442671. What is o(-84)?
9
Let g(v) = -2*v**3 - 2666*v**2 + 5388*v + 64079. Determine g(-1335).
-1
Let i(c) = -19*c**2 + 78*c + 672. Give i(-8).
-1168
Let s(k) = 2*k**2 - 150*k - 160. Give s(76).
-8
Let m(n) = n**3 - n**2 - 2359*n + 7077. Give m(3).
18
Let l(w) = 9*w**2 - 20807*w + 104019. Calculate l(5).
209
Let u(y) = -196*y**2 + 2943*y - 51. What is u(15)?
-6
Let i(f) = -1267*f**2 + 11343*f + 10. What is i(9)?
-530
Let u(z) = 4177*z**2 - 24859*z - 1226. Determine u(6).
-8
Let j(r) = -1188*r - 3633. Determine j(-3).
-69
Let t(w) = w**3 - 103*w**2 - 4816*w + 260. Give t(-35).
-230
Let t(g) = g**2 - 209*g - 3271. What is t(199)?
-5261
Let r(q) = -2042*q + 1255829. What is r(615)?
-1
Let t(q) = 680800*q - 51060004. Give t(75).
-4
Let j(p) = 475767*p - 951493. Determine j(2).
41
Let z(g) = 88*g**3 + 266*g**2 - 37*g - 177. What is z(-3)?
-48
Let s(u) = u**3 + 8057*u**2 - 40313*u + 14. Determine s(5).
-1
Let m(p) = 14508*p - 522239. Determine m(36).
49
Let l(u) = 1047*u**3 + 2*u**2 + 35*u - 38. Give l(1).
1046
Let f(c) = -2090*c - 714799. Give f(-342).
-19
Let j(p) = -1995*p + 50509. Calculate j(28).
-5351
Let w(q) = -q**3 - 15*q**2 + 107*q + 82. What is w(-21)?
481
Let o(x) = -12650*x**2 - 265654*x - 80. Determine o(-21).
4
Let s(i) = i**2 + 10455*i + 14291046. Calculate s(-1617).
0
Let h(n) = 56*n + 6730. What is h(-117)?
178
Let d(j) = -2*j**2 - 7361*j - 950491. Give d(-134).
-29
Let j(w) = -972*w + 44044. Determine j(47).
-1640
Let w(b) = -b**2 + 4049*b + 279895. What is w(-68)?
-61
Let j(p) = p**3 - 20*p**2 + 230*p - 1556. Give j(7).
-583
Let u(w) = -1386*w - 293789. Give u(-212).
43
Let i(u) = -57*u**3 - 3*u**2 + 27*u + 74. Give i(-2).
464
Let j(k) = -4*k**2 + 409*k - 9768. What is j(64)?
24
Let w(b) = 694*b + 68747. Give w(-99).
41
Let j(o) = o**2 + 33*o + 817. What is j(-28)?
677
Let z(i) = -i**2 - 87*i - 1598. Give z(0).
-1598
Let h(t) = 2432*t + 50993. Calculate h(-21).
-79
Let n(t) = -t**2 + 3161*t - 15803. Determine n(5).
-23
Let b(o) = 2*o**3 - 53*o**2 - 88*o + 2880. Determine b(26).
-84
Let z(c) = 1303*c + 32231. Give z(-23).
2262
Let v(h) = 435*h - 40126. Give v(93).
329
Let o(u) = 10903*u + 294366. What is o(-27)?
-15
Let p(r) = 91*r**2 + 183*r - 6. Calculate p(-2).
-8
Let s(m) = m**2 - 4539*m - 285251. Calculate s(-62).
11
Let z(g) = 108*g**2 + 307*g + 615. What is z(-2)?
433
Let w(y) = -4784*y - 458796. Calculate w(-96).
468
Let r(c) = 2*c**3 - 19*c**2 - 322*c + 2761. Determine r(8).
-7
Let i(l) = 19789*l - 435358. Determine i(22).
0
Let v(r) = r**3 + 147*r**2 + 2084*r - 2109. What is v(-131)?
-537
Let g(p) = p**2 + 591*p - 1803. Give g(-594).
-21
Let d(q) = q**2 - 60190*q + 24272304. Give d(406).
0
Let a(n) = -n**3 - 45*n**2 + 164*n 